{"id":319,"date":"2025-08-08T06:48:44","date_gmt":"2025-08-08T06:48:44","guid":{"rendered":"https:\/\/demo.webbankasi.com\/124\/?post_type=product&#038;p=319"},"modified":"2025-08-08T10:53:11","modified_gmt":"2025-08-08T10:53:11","slug":"italya-turu","status":"publish","type":"product","link":"https:\/\/demo.webbankasi.com\/124\/urun\/italya-turu\/","title":{"rendered":"\u0130talya Turu"},"content":{"rendered":"<h3 data-start=\"133\" data-end=\"182\">Hayali \u0130talya Turu: \u201cBella Vita\u201d 3 G\u00fcn 2 Gece<\/h3>\n<h4 data-start=\"184\" data-end=\"241\">G\u00fcn 1: Roma\u2019ya Var\u0131\u015f ve \u201cHotel Serenit\u00e0\u201d Konaklamas\u0131<\/h4>\n<p data-start=\"243\" data-end=\"550\">Turumuzun ilk dura\u011f\u0131 tarihi Roma \u015fehri! Roma Fiumicino Havaliman\u0131\u2019na indikten sonra, tur rehberimiz sizi bekliyor olacak. Ard\u0131ndan, \u015fehir merkezinde yer alan <strong data-start=\"401\" data-end=\"419\">Hotel Serenit\u00e0<\/strong>&#8216;ye transfer. Bu otel, \u015fehrin kalbinde, zarif bir \u0130talyan villa konseptiyle dizayn edilmi\u015f ve konuklar\u0131na \u00fcst d\u00fczey konfor sunuyor.<\/p>\n<p data-start=\"552\" data-end=\"596\"><strong data-start=\"552\" data-end=\"596\">Hotel Serenit\u00e0\u2019nin \u00d6ne \u00c7\u0131kan Hizmetleri:<\/strong><\/p>\n<ul data-start=\"597\" data-end=\"994\">\n<li data-start=\"597\" data-end=\"654\">\n<p data-start=\"599\" data-end=\"654\">Lobi\u2019de \u00fccretsiz h\u0131zl\u0131 Wi-Fi ve \u0130talyan kahvesi servisi<\/p>\n<\/li>\n<li data-start=\"655\" data-end=\"709\">\n<p data-start=\"657\" data-end=\"709\">Spa Merkezi: Aromaterapi, sauna ve y\u00fcz bak\u0131m odalar\u0131<\/p>\n<\/li>\n<li data-start=\"710\" data-end=\"827\">\n<p data-start=\"712\" data-end=\"827\"><strong data-start=\"712\" data-end=\"741\">\u201cDolce Vita\u201d Masaj Salonu<\/strong>: V\u00fccudunuzu rahatlatacak klasik \u0130talyan ta\u015f masaj\u0131 ve aromatik ya\u011f masaj\u0131 se\u00e7enekleri<\/p>\n<\/li>\n<li data-start=\"828\" data-end=\"886\">\n<p data-start=\"830\" data-end=\"886\">\u00c7at\u0131 kat\u0131nda panoramik \u015fehir manzaral\u0131 a\u00e7\u0131k y\u00fczme havuzu<\/p>\n<\/li>\n<li data-start=\"887\" data-end=\"994\">\n<p data-start=\"889\" data-end=\"994\">Ak\u015fam yeme\u011fi i\u00e7in otelin \u0130talyan gurme restoran\u0131: \u00d6zel Toskana \u015faraplar\u0131 e\u015fli\u011finde 5 \u00e7e\u015fit \u0130talyan mezesi<\/p>\n<\/li>\n<\/ul>\n<p data-start=\"996\" data-end=\"1083\">Ak\u015fam, otelde hafif bir dinlenme ve isterseniz rehber e\u015fli\u011finde k\u0131sa bir gece y\u00fcr\u00fcy\u00fc\u015f\u00fc.<\/p>\n<h4 data-start=\"1090\" data-end=\"1137\">G\u00fcn 2: Roma \u015eehir Turu &amp; \u00d6zel Tekne Gezisi<\/h4>\n<p data-start=\"1139\" data-end=\"1337\">Sabah kahvalt\u0131s\u0131n\u0131n ard\u0131ndan tam g\u00fcn Roma turu ba\u015fl\u0131yor. Kolezyum\u2019u gezip, \u0130mparatorluk Forumu\u2019nda antik Roma\u2019n\u0131n izlerini s\u00fcrece\u011fiz. Ard\u0131ndan, Vatikan M\u00fczeleri ve San Pietro Bazilikas\u0131 ziyaretleri.<\/p>\n<p data-start=\"1339\" data-end=\"1535\">\u00d6\u011fleden sonra, Tiber Nehri\u2019nde \u00f6zel bir tekne gezisi planlanm\u0131\u015f. Bu tur s\u0131ras\u0131nda nehrin iki yakas\u0131ndaki tarihi yap\u0131lar\u0131n e\u015fsiz manzaralar\u0131n\u0131 seyredebilir, hafif \u0130talyan aperitifleri ikram edilir.<\/p>\n<p data-start=\"1537\" data-end=\"1641\">Ak\u015fam d\u00f6n\u00fc\u015fte otelde <strong data-start=\"1558\" data-end=\"1593\">\u201cLa Dolce Vita\u201d \u00f6zel spa seans\u0131<\/strong> var. 1 saatlik masaj ve jakuzi kullan\u0131m\u0131 dahil.<\/p>\n<h4 data-start=\"1648\" data-end=\"1694\">G\u00fcn 3: Al\u0131\u015fveri\u015f ve Serbest Zaman \/ D\u00f6n\u00fc\u015f<\/h4>\n<p data-start=\"1696\" data-end=\"1893\">Son g\u00fcn\u00fcm\u00fczde, sabah otelde kahvalt\u0131 sonras\u0131, \u015fehir merkezinde al\u0131\u015fveri\u015f ve serbest zaman. \u0130sterseniz Piazza Navona veya \u0130spanyol Merdivenleri civar\u0131nda k\u00fc\u00e7\u00fck kafelerde kahve molas\u0131 verebilirsiniz.<\/p>\n<p data-start=\"1895\" data-end=\"1949\">\u00d6\u011fleden sonra havaliman\u0131na transfer ve turumuzun sonu.<\/p>\n<h3 data-start=\"1956\" data-end=\"1976\">Paket Detaylar\u0131:<\/h3>\n<ul data-start=\"1978\" data-end=\"2348\">\n<li data-start=\"1978\" data-end=\"2049\">\n<p data-start=\"1980\" data-end=\"2049\"><strong data-start=\"1980\" data-end=\"1994\">Konaklama:<\/strong> 2 gece Hotel Serenit\u00e0, \u015fehir merkezi, kahvalt\u0131 dahil<\/p>\n<\/li>\n<li data-start=\"2050\" data-end=\"2137\">\n<p data-start=\"2052\" data-end=\"2137\"><strong data-start=\"2052\" data-end=\"2063\">Ula\u015f\u0131m:<\/strong> Havaliman\u0131 \u2013 otel \u2013 havaliman\u0131 transferleri, \u015fehir i\u00e7i \u00f6zel tur otob\u00fcs\u00fc<\/p>\n<\/li>\n<li data-start=\"2138\" data-end=\"2182\">\n<p data-start=\"2140\" data-end=\"2182\"><strong data-start=\"2140\" data-end=\"2154\">Rehberlik:<\/strong> Profesyonel T\u00fcrk\u00e7e rehber<\/p>\n<\/li>\n<li data-start=\"2183\" data-end=\"2274\">\n<p data-start=\"2185\" data-end=\"2274\"><strong data-start=\"2185\" data-end=\"2201\">Aktiviteler:<\/strong> Roma tarihi turu, Tiber Nehri \u00f6zel tekne turu, spa ve masaj hizmetleri<\/p>\n<\/li>\n<li data-start=\"2275\" data-end=\"2348\">\n<p data-start=\"2277\" data-end=\"2348\"><strong data-start=\"2277\" data-end=\"2288\">Lezzet:<\/strong> Otel restoran\u0131nda bir ak\u015fam yeme\u011fi, kahvalt\u0131lar ve ikramlar<\/p>\n<\/li>\n<\/ul>\n<h3 data-start=\"2355\" data-end=\"2372\">Neden Bu Tur?<\/h3>\n<ul data-start=\"2374\" data-end=\"2555\">\n<li data-start=\"2374\" data-end=\"2421\">\n<p data-start=\"2376\" data-end=\"2421\">Tarihin ve modern konforun m\u00fckemmel dengesi<\/p>\n<\/li>\n<li data-start=\"2422\" data-end=\"2455\">\n<p data-start=\"2424\" data-end=\"2455\">Rahat ve l\u00fcks otel olanaklar\u0131<\/p>\n<\/li>\n<li data-start=\"2456\" data-end=\"2506\">\n<p data-start=\"2458\" data-end=\"2506\">\u0130talyan k\u00fclt\u00fcr\u00fcn\u00fc derinlemesine ya\u015fama f\u0131rsat\u0131<\/p>\n<\/li>\n<li data-start=\"2507\" data-end=\"2555\">\n<p data-start=\"2509\" data-end=\"2555\">V\u00fccut ve ruhu dinlendiren \u00f6zel masaj seanslar\u0131<\/p>\n<\/li>\n<\/ul>\n","protected":false},"excerpt":{"rendered":"<p>3 G\u00fcn \/ 2 Gece<\/p>\n","protected":false},"featured_media":281,"comment_status":"open","ping_status":"closed","template":"","meta":[],"product_brand":[],"product_cat":[22],"product_tag":[36],"class_list":{"0":"post-319","1":"product","2":"type-product","3":"status-publish","4":"has-post-thumbnail","6":"product_cat-kultur-turlari","7":"product_tag-italya","9":"first","10":"instock","11":"shipping-taxable","12":"purchasable","13":"product-type-simple"},"_links":{"self":[{"href":"https:\/\/demo.webbankasi.com\/124\/wp-json\/wp\/v2\/product\/319","targetHints":{"allow":["GET"]}}],"collection":[{"href":"https:\/\/demo.webbankasi.com\/124\/wp-json\/wp\/v2\/product"}],"about":[{"href":"https:\/\/demo.webbankasi.com\/124\/wp-json\/wp\/v2\/types\/product"}],"replies":[{"embeddable":true,"href":"https:\/\/demo.webbankasi.com\/124\/wp-json\/wp\/v2\/comments?post=319"}],"wp:featuredmedia":[{"embeddable":true,"href":"https:\/\/demo.webbankasi.com\/124\/wp-json\/wp\/v2\/media\/281"}],"wp:attachment":[{"href":"https:\/\/demo.webbankasi.com\/124\/wp-json\/wp\/v2\/media?parent=319"}],"wp:term":[{"taxonomy":"product_brand","embeddable":true,"href":"https:\/\/demo.webbankasi.com\/124\/wp-json\/wp\/v2\/product_brand?post=319"},{"taxonomy":"product_cat","embeddable":true,"href":"https:\/\/demo.webbankasi.com\/124\/wp-json\/wp\/v2\/product_cat?post=319"},{"taxonomy":"product_tag","embeddable":true,"href":"https:\/\/demo.webbankasi.com\/124\/wp-json\/wp\/v2\/product_tag?post=319"}],"curies":[{"name":"wp","href":"https:\/\/api.w.org\/{rel}","templated":true}]}}