{"id":305,"date":"2025-08-08T06:39:34","date_gmt":"2025-08-08T06:39:34","guid":{"rendered":"https:\/\/demo.webbankasi.com\/124\/?post_type=product&#038;p=305"},"modified":"2025-08-08T08:11:27","modified_gmt":"2025-08-08T08:11:27","slug":"istanbul-kultur-turu","status":"publish","type":"product","link":"https:\/\/demo.webbankasi.com\/124\/urun\/istanbul-kultur-turu\/","title":{"rendered":"\u0130stanbul K\u00fclt\u00fcr Turu"},"content":{"rendered":"","protected":false},"excerpt":{"rendered":"<p>3 G\u00fcn \/ 2 Gece<\/p>\n","protected":false},"featured_media":226,"comment_status":"open","ping_status":"closed","template":"","meta":[],"product_brand":[],"product_cat":[22],"product_tag":[49],"class_list":{"0":"post-305","1":"product","2":"type-product","3":"status-publish","4":"has-post-thumbnail","6":"product_cat-kultur-turlari","7":"product_tag-istanbul","9":"first","10":"instock","11":"shipping-taxable","12":"purchasable","13":"product-type-simple"},"_links":{"self":[{"href":"https:\/\/demo.webbankasi.com\/124\/wp-json\/wp\/v2\/product\/305","targetHints":{"allow":["GET"]}}],"collection":[{"href":"https:\/\/demo.webbankasi.com\/124\/wp-json\/wp\/v2\/product"}],"about":[{"href":"https:\/\/demo.webbankasi.com\/124\/wp-json\/wp\/v2\/types\/product"}],"replies":[{"embeddable":true,"href":"https:\/\/demo.webbankasi.com\/124\/wp-json\/wp\/v2\/comments?post=305"}],"wp:featuredmedia":[{"embeddable":true,"href":"https:\/\/demo.webbankasi.com\/124\/wp-json\/wp\/v2\/media\/226"}],"wp:attachment":[{"href":"https:\/\/demo.webbankasi.com\/124\/wp-json\/wp\/v2\/media?parent=305"}],"wp:term":[{"taxonomy":"product_brand","embeddable":true,"href":"https:\/\/demo.webbankasi.com\/124\/wp-json\/wp\/v2\/product_brand?post=305"},{"taxonomy":"product_cat","embeddable":true,"href":"https:\/\/demo.webbankasi.com\/124\/wp-json\/wp\/v2\/product_cat?post=305"},{"taxonomy":"product_tag","embeddable":true,"href":"https:\/\/demo.webbankasi.com\/124\/wp-json\/wp\/v2\/product_tag?post=305"}],"curies":[{"name":"wp","href":"https:\/\/api.w.org\/{rel}","templated":true}]}}