{"id":261,"date":"2025-09-26T12:30:55","date_gmt":"2025-09-26T12:30:55","guid":{"rendered":"https:\/\/demo.webbankasi.com\/113\/?page_id=261"},"modified":"2025-09-26T13:05:27","modified_gmt":"2025-09-26T13:05:27","slug":"blog","status":"publish","type":"page","link":"https:\/\/demo.webbankasi.com\/113\/blog\/","title":{"rendered":"Blog"},"content":{"rendered":"\t\t<div data-elementor-type=\"wp-page\" data-elementor-id=\"261\" class=\"elementor elementor-261\" data-elementor-post-type=\"page\">\n\t\t\t\t<div class=\"elementor-element elementor-element-55342559 e-flex e-con-boxed e-con e-parent\" data-id=\"55342559\" data-element_type=\"container\">\n\t\t\t\t\t<div class=\"e-con-inner\">\n\t\t<div class=\"elementor-element elementor-element-5ddf4c1f e-con-full e-flex e-con e-child\" data-id=\"5ddf4c1f\" data-element_type=\"container\">\n\t\t\t\t<div class=\"elementor-element elementor-element-d3c0d88 elementor-widget__width-initial elementor-widget elementor-widget-elementskit-heading\" data-id=\"d3c0d88\" data-element_type=\"widget\" data-widget_type=\"elementskit-heading.default\">\n\t\t\t\t\t<div class=\"ekit-wid-con\" ><div class=\"ekit-heading elementskit-section-title-wraper text_center   ekit_heading_tablet-text_center   ekit_heading_mobile-\"><h1 class=\"ekit-heading--title elementskit-section-title \">BLOG<\/h1>\t\t\t\t<div class='ekit-heading__description'>\n\t\t\t\t\t<p>Bilgi dolu yaz\u0131lar\u0131m\u0131z\u0131 okuyun<\/p>\n\t\t\t\t<\/div>\n\t\t\t<\/div><\/div>\t\t\t\t<\/div>\n\t\t\t\t<\/div>\n\t\t<div class=\"elementor-element elementor-element-23190842 e-con-full e-flex e-con e-child\" data-id=\"23190842\" data-element_type=\"container\">\n\t\t\t\t<div class=\"elementor-element elementor-element-91234d1 elementor-grid-3 elementor-grid-tablet-2 elementor-grid-mobile-1 elementor-posts--thumbnail-top elementor-card-shadow-yes elementor-posts__hover-gradient elementor-widget elementor-widget-posts\" data-id=\"91234d1\" data-element_type=\"widget\" data-settings=\"{&quot;cards_columns&quot;:&quot;3&quot;,&quot;cards_columns_tablet&quot;:&quot;2&quot;,&quot;cards_columns_mobile&quot;:&quot;1&quot;,&quot;cards_row_gap&quot;:{&quot;unit&quot;:&quot;px&quot;,&quot;size&quot;:35,&quot;sizes&quot;:[]},&quot;cards_row_gap_tablet&quot;:{&quot;unit&quot;:&quot;px&quot;,&quot;size&quot;:&quot;&quot;,&quot;sizes&quot;:[]},&quot;cards_row_gap_mobile&quot;:{&quot;unit&quot;:&quot;px&quot;,&quot;size&quot;:&quot;&quot;,&quot;sizes&quot;:[]}}\" data-widget_type=\"posts.cards\">\n\t\t\t\t<div class=\"elementor-widget-container\">\n\t\t\t\t\t\t\t<div class=\"elementor-posts-container elementor-posts elementor-posts--skin-cards elementor-grid\">\n\t\t\t\t<article class=\"elementor-post elementor-grid-item post-284 post type-post status-publish format-standard has-post-thumbnail hentry category-uncategorized\">\n\t\t\t<div class=\"elementor-post__card\">\n\t\t\t\t<a class=\"elementor-post__thumbnail__link\" href=\"https:\/\/demo.webbankasi.com\/113\/calisan-ve-isveren-iliskilerinin-guvencesi\/\" tabindex=\"-1\" ><div class=\"elementor-post__thumbnail\"><img fetchpriority=\"high\" decoding=\"async\" width=\"518\" height=\"777\" src=\"https:\/\/demo.webbankasi.com\/113\/wp-content\/uploads\/2025\/09\/adaletkadin.png\" class=\"attachment-full size-full wp-image-93\" alt=\"\" srcset=\"https:\/\/demo.webbankasi.com\/113\/wp-content\/uploads\/2025\/09\/adaletkadin.png 518w, https:\/\/demo.webbankasi.com\/113\/wp-content\/uploads\/2025\/09\/adaletkadin-200x300.png 200w\" sizes=\"(max-width: 518px) 100vw, 518px\" \/><\/div><\/a>\n\t\t\t\t<div class=\"elementor-post__text\">\n\t\t\t\t<h3 class=\"elementor-post__title\">\n\t\t\t<a href=\"https:\/\/demo.webbankasi.com\/113\/calisan-ve-isveren-iliskilerinin-guvencesi\/\" >\n\t\t\t\t\u00c7al\u0131\u015fan ve \u0130\u015fveren \u0130li\u015fkilerinin G\u00fcvencesi\t\t\t<\/a>\n\t\t<\/h3>\n\t\t\t\t<\/div>\n\t\t\t\t<div class=\"elementor-post__meta-data\">\n\t\t\t\t\t<span class=\"elementor-post-date\">\n\t\t\tEyl\u00fcl 26, 2025\t\t<\/span>\n\t\t\t\t<\/div>\n\t\t\t\t\t<\/div>\n\t\t<\/article>\n\t\t\t\t<article class=\"elementor-post elementor-grid-item post-273 post type-post status-publish format-standard has-post-thumbnail hentry category-uncategorized\">\n\t\t\t<div class=\"elementor-post__card\">\n\t\t\t\t<a class=\"elementor-post__thumbnail__link\" href=\"https:\/\/demo.webbankasi.com\/113\/ceza-hukuku-alaninda-savunmanin-onemi\/\" tabindex=\"-1\" ><div class=\"elementor-post__thumbnail\"><img decoding=\"async\" width=\"484\" height=\"495\" src=\"https:\/\/demo.webbankasi.com\/113\/wp-content\/uploads\/2025\/09\/kadin1.jpg\" class=\"attachment-full size-full wp-image-104\" alt=\"\" srcset=\"https:\/\/demo.webbankasi.com\/113\/wp-content\/uploads\/2025\/09\/kadin1.jpg 484w, https:\/\/demo.webbankasi.com\/113\/wp-content\/uploads\/2025\/09\/kadin1-293x300.jpg 293w\" sizes=\"(max-width: 484px) 100vw, 484px\" \/><\/div><\/a>\n\t\t\t\t<div class=\"elementor-post__text\">\n\t\t\t\t<h3 class=\"elementor-post__title\">\n\t\t\t<a href=\"https:\/\/demo.webbankasi.com\/113\/ceza-hukuku-alaninda-savunmanin-onemi\/\" >\n\t\t\t\tCeza Hukuku Alan\u0131nda Savunman\u0131n \u00d6nemi\t\t\t<\/a>\n\t\t<\/h3>\n\t\t\t\t<\/div>\n\t\t\t\t<div class=\"elementor-post__meta-data\">\n\t\t\t\t\t<span class=\"elementor-post-date\">\n\t\t\tEyl\u00fcl 26, 2025\t\t<\/span>\n\t\t\t\t<\/div>\n\t\t\t\t\t<\/div>\n\t\t<\/article>\n\t\t\t\t<\/div>\n\t\t\n\t\t\t\t\t\t<\/div>\n\t\t\t\t<\/div>\n\t\t\t\t<\/div>\n\t\t\t\t\t<\/div>\n\t\t\t\t<\/div>\n\t\t<div class=\"elementor-element elementor-element-a017ac4 e-flex e-con-boxed e-con e-parent\" data-id=\"a017ac4\" data-element_type=\"container\">\n\t\t\t\t\t<div class=\"e-con-inner\">\n\t\t<div class=\"elementor-element elementor-element-fe30326 e-con-full e-flex e-con e-child\" data-id=\"fe30326\" data-element_type=\"container\">\n\t\t\t\t<div class=\"elementor-element elementor-element-435378e elementor-widget__width-initial elementor-widget elementor-widget-elementskit-heading\" data-id=\"435378e\" data-element_type=\"widget\" data-widget_type=\"elementskit-heading.default\">\n\t\t\t\t\t<div class=\"ekit-wid-con\" ><div class=\"ekit-heading elementskit-section-title-wraper text_left   ekit_heading_tablet-text_center   ekit_heading_mobile-\"><h2 class=\"ekit-heading--title elementskit-section-title \"><span><span>\u00dccretsiz<\/span><\/span> \u00d6n Dan\u0131\u015fma<\/h2>\t\t\t\t<div class='ekit-heading__description'>\n\t\t\t\t\t<p>\u00d6n dan\u0131\u015fma almak i\u00e7in ileti\u015fime ge\u00e7in<\/p>\n\t\t\t\t<\/div>\n\t\t\t<\/div><\/div>\t\t\t\t<\/div>\n\t\t\t\t<div class=\"elementor-element elementor-element-9061cd3 elementor-align-left elementor-align--tabletcenter elementor-widget elementor-widget-elementskit-button\" data-id=\"9061cd3\" data-element_type=\"widget\" data-widget_type=\"elementskit-button.default\">\n\t\t\t\t\t<div class=\"ekit-wid-con\" >\t\t<div class=\"ekit-btn-wraper\">\n\t\t\t\t\t\t\t<a href=\"#\" class=\"elementskit-btn  whitespace--normal\" id=\"\">\n\t\t\t\t\t\u0130leti\u015fim\t\t\t\t<\/a>\n\t\t\t\t\t<\/div>\n        <\/div>\t\t\t\t<\/div>\n\t\t\t\t<\/div>\n\t\t\t\t\t<\/div>\n\t\t\t\t<\/div>\n\t\t\t\t<\/div>\n\t\t","protected":false},"excerpt":{"rendered":"<p>BLOG Bilgi dolu yaz\u0131lar\u0131m\u0131z\u0131 okuyun \u00dccretsiz \u00d6n Dan\u0131\u015fma \u00d6n dan\u0131\u015fma almak i\u00e7in ileti\u015fime ge\u00e7in \u0130leti\u015fim<\/p>\n","protected":false},"author":2,"featured_media":0,"parent":0,"menu_order":0,"comment_status":"closed","ping_status":"closed","template":"elementor_header_footer","meta":{"footnotes":""},"class_list":["post-261","page","type-page","status-publish","hentry"],"_links":{"self":[{"href":"https:\/\/demo.webbankasi.com\/113\/wp-json\/wp\/v2\/pages\/261","targetHints":{"allow":["GET"]}}],"collection":[{"href":"https:\/\/demo.webbankasi.com\/113\/wp-json\/wp\/v2\/pages"}],"about":[{"href":"https:\/\/demo.webbankasi.com\/113\/wp-json\/wp\/v2\/types\/page"}],"author":[{"embeddable":true,"href":"https:\/\/demo.webbankasi.com\/113\/wp-json\/wp\/v2\/users\/2"}],"replies":[{"embeddable":true,"href":"https:\/\/demo.webbankasi.com\/113\/wp-json\/wp\/v2\/comments?post=261"}],"version-history":[{"count":10,"href":"https:\/\/demo.webbankasi.com\/113\/wp-json\/wp\/v2\/pages\/261\/revisions"}],"predecessor-version":[{"id":289,"href":"https:\/\/demo.webbankasi.com\/113\/wp-json\/wp\/v2\/pages\/261\/revisions\/289"}],"wp:attachment":[{"href":"https:\/\/demo.webbankasi.com\/113\/wp-json\/wp\/v2\/media?parent=261"}],"curies":[{"name":"wp","href":"https:\/\/api.w.org\/{rel}","templated":true}]}}